Let y = -6 + 11. Let v(j) = -1 + 8 + 5*j**3 - j**3 - 3*j**3 + 3*j - 6*j**2. What is v(y)?
-3
Let z(u) = 5*u + 4. Let n(o) = -6*o - 5. Let q(i) = 3*n(i) + 4*z(i). Calculate q(-3).
-5
Let d(r) = r + 7. Let v(j) = -2*j + 2. Let k be v(5). Calculate d(k).
-1
Suppose 3*n - 8 = 1. Suppose 0 = -n*g + 7*g + 4. Let u be g/3 - 4/6. Let l(h) = h. Determine l(u).
-1
Let w = 2 - 4. Let g(k) = 2*k**3 + 3. Let q(n) = -2*n**3 - n**2 - 2. Let a(y) = 2*g(y) + 3*q(y). What is a(w)?
4
Let y(l) = -l + 9. Let t be y(5). Let a(x) be the second derivative of 0*x**3 + 0*x**2 - 1/20*x**5 - 1/12*x**t + 0 + 2*x. What is a(1)?
-2
Let k(j) = 2*j**2 + j + 4. Let g be (2/(-6))/((-2)/(-18)). What is k(g)?
19
Let p(n) be the third derivative of -n**5/60 - n**4/12 + n**3/6 + 50*n**2. Give p(-6).
-23
Let t(p) be the third derivative of -p**5/60 - p**4/4 - p**3/6 + 28*p**2. Calculate t(-5).
4
Let o(q) be the first derivative of -q**6/360 + q**5/120 + 5*q**4/24 + 2*q**3/3 - 2. Let y(c) be the third derivative of o(c). Calculate y(0).
5
Let z be 12*(-6)/(-8)*6/(-9). Let u(g) = -2*g - 9. Determine u(z).
3
Let a(j) be the third derivative of -2/3*j**3 + 0*j + 0 + 1/4*j**4 - 1/12*j**5 + 1/120*j**6 - 4*j**2. Determine a(4).
4
Let u(t) = -t**3 + 3*t**2 + 4. Suppose -3 + 9 = -2*c. Let a = 6 + c. Give u(a).
4
Let t(j) be the first derivative of j**3/3 + 4*j**2 + 3*j + 10. Give t(-7).
-4
Suppose -4*n - 1 = -17. Let v(p) = -p + 6. What is v(n)?
2
Let i = 13 + -8. Let p(b) = b**3 - 5*b**2 - 2*b + 10. Let o be p(5). Let h(c) = 0*c + i*c**2 - 1 + o*c + 3*c - 2*c. Determine h(1).
5
Let x(j) be the second derivative of 0*j**2 + 1/3*j**3 + 0 - 1/12*j**4 - j. What is x(1)?
1
Let s(y) = 11*y**3 - 13*y**2 + 18*y - 9. Let i = -4 - -7. Let j(f) = -4*f**3 + 4*f**2 - 6*f + 3. Let p(r) = i*s(r) + 8*j(r). Determine p(6).
-3
Let i(h) = -h**3 - 8*h**2 - 7*h + 2. Suppose 0 = -2*t + 13*b - 10*b, -4*t - b = 28. Calculate i(t).
-28
Let k(c) be the third derivative of -1/120*c**6 + 1/12*c**4 + 0*c + 0 + 6*c**2 + 1/15*c**5 + 1/3*c**3. Calculate k(5).
-13
Suppose -2*j - o - 1 = -4*j, -4*j + 5 = o. Let g = -1 - j. Let h = 1 + g. Let s(b) = b**2 + b. Calculate s(h).
0
Suppose 4*c = g - 6, c - 1 = -2*g - 7. Let b(x) = -23*x - 26. Let p(r) = 8*r + 9. Let y(h) = 6*b(h) + 17*p(h). Calculate y(g).
1
Suppose -5*r - 3*b = -16, r - 1 - 5 = -2*b. Let t(x) = 4*x + x + 0 - r*x + 2. Give t(3).
11
Let p(c) = -2*c - 97 + 0*c + 96. Determine p(3).
-7
Let j(q) = q**3 - 7*q**2 + 2*q + 11. Let u(a) = 3*a**2 - a - 5. Let g(i) = 4*j(i) + 9*u(i). Let v be -4 + (-1)/(-2)*6. Determine g(v).
-5
Let t(n) = -n - 1. Let z be 1*-1*(4 + 1). Determine t(z).
4
Let c be (-2 - (-10)/8)*-4. Suppose 0 = 4*a - c*v + 7, a - 5*v + 7 = 1. Let y(l) = 0*l**3 + 0*l**3 - l**3. What is y(a)?
1
Let t(u) be the second derivative of -u**5/10 - u**4/12 - u**3/6 - 4*u. Let v be t(-1). Let w(s) = -s**3 + 2*s**2 + 2*s + 1. What is w(v)?
5
Let n(p) = p**3 + p**2 + 1. Suppose -2*j + 7*j = -5. Let h be (-7)/(-35) + j/5. Determine n(h).
1
Let c(w) = 79*w - 83*w - 8 + 2. What is c(-5)?
14
Let f = 4 - 6. Let z be (20/16)/(f/(-8)). Let r(v) = v - 8. Calculate r(z).
-3
Suppose 18 = -3*g + 6*g. Let u(c) = 3*c**2 - 2*c**2 + g + c - 5*c. Let k = 1 - -4. Determine u(k).
11
Let p(f) be the first derivative of 3 + 5/2*f**2 - 5*f - 1/3*f**3. Give p(5).
-5
Suppose 3*x + 196 = -4*h, -h + 6*x - 26 = x. Let k be h/(-10) + (-4)/(-10). Let r(v) = -6*v + 3. Let p(l) = -l**2 - 1. Let u(g) = p(g) - r(g). Calculate u(k).
1
Let i(g) be the first derivative of g**3 - g**2 + 2*g + 2. Let f(q) = -q**3 + 2*q**2 - 1. Let d be f(-1). What is i(d)?
10
Let h(m) be the third derivative of m**5/120 + m**4/8 + m**3 - 6*m**2. Let f(s) be the first derivative of h(s). What is f(0)?
3
Let l(v) = -6*v**3 + 2*v**2 + 3*v. Let w be 0 + (-5)/(5/(-3)). Let m(q) = q**3 - q**2 - q. Let r(c) = w*m(c) + l(c). Calculate r(1).
-4
Let f = 19 + -28. Let c be 2*(-3)/f*9. Let s(y) = y - 7. Determine s(c).
-1
Let g(z) = -3*z + 5*z**2 + 2 + 5*z + z. Let y(o) = -o**2. Let p(f) = -g(f) - 4*y(f). Calculate p(-3).
-2
Suppose 0 = 5*k - 0 - 5. Let s(l) = 3 - k - 4*l - 6. Determine s(-3).
8
Let n(q) = -q**3 + 4*q**2 + 5*q + 4. Let w be n(5). Let b(f) = f + 1. Let v(g) = -g**3 + 4*g**2 - 6*g - 7. Let o(i) = 5*b(i) + v(i). Calculate o(w).
-6
Let o = 10 + -2. Let x(a) = -7*a - a**2 + a**3 - 2*a**2 - 2*a**2 + 0 + o. What is x(6)?
2
Let v(l) = 3*l**2 + 15*l + 1. Let d(i) = i**2 + 7*i + 1. Let o(p) = 5*d(p) - 2*v(p). Let h(w) = -w**2 + 6*w - 4. Let k = 3 + 1. Let s be h(k). Calculate o(s).
7
Let b(g) = g**3 + 5*g**2 + g + 6. Let t be b(-5). Suppose 0 = -3*c - t - 2. Let j(v) = -3*v**3 - v**2 + v + 1. What is j(c)?
2
Let f(g) = 4*g + 7. Let m(w) = -7*w - 13. Let d(k) = -5*f(k) - 3*m(k). Let r be -1*(1 - (7 - 2)). Suppose -5*t - r = 11. What is d(t)?
1
Let u(q) be the third derivative of q**5/120 - q**4/6 + q**3/6 + 2*q**2. Let n(z) be the first derivative of u(z). What is n(3)?
-1
Let t(h) = 37*h + 7 - 74*h + 36*h. Calculate t(6).
1
Let v(q) = q - 9. Let r(k) = -k**2 - 11*k + 21. Let g be r(-12). Calculate v(g).
0
Let d(x) = x - 20. Let z be d(11). Let n = -14 - z. Let k(t) = -t**2 - 5*t - 4. Determine k(n).
-4
Let a = 6 + 6. Let y be (a/8)/((-9)/(-30)). Let w(c) = -c**2 + 6*c + 1. Determine w(y).
6
Let z(d) = d**3 + 4*d**2 - 3*d - 5. Let l be z(-4). Suppose 2*r - l*r = -5. Let i(m) = -m. Let k(c) = 6*c - 2. Let g(j) = -5*i(j) - k(j). Calculate g(r).
1
Let d(k) = k + 5. Let i be d(0). Let j(g) = 8*g - 5. Let l(v) = v. Let y(s) = -j(s) + 6*l(s). What is y(i)?
-5
Let m(x) = x**3 + 3*x**2 - x - 8. Let v(q) = -q**3 - 3*q**2 + q + 7. Let r(s) = 5*m(s) + 6*v(s). Suppose 3*u + 5*k = -29, 3*k = -2*u + u - 15. Give r(u).
-1
Let m(h) be the first derivative of -h**3/3 - 3*h**2 - 3*h + 7. Give m(-4).
5
Let s(l) = l**2 - 7*l + 1. Let n(x) = 2*x**2 - 4*x - 1. Let j be n(3). Suppose -u - 20 = -j*u. Calculate s(u).
-9
Let m(q) be the third derivative of -q**9/60480 - q**8/3360 - q**7/1008 - q**6/720 + q**5/10 - 6*q**2. Let z(d) be the third derivative of m(d). What is z(-5)?
-1
Let s(i) be the third derivative of -i**5/60 - i**4/12 + i**3/6 + 6*i**2. Calculate s(-4).
-7
Let g(u) = -u - 10. Suppose 0 = 4*s - 34 - 2. What is g(s)?
-19
Let n(t) = -t**2 - t + 5. Let h(z) = 2*z + 22. Let l be h(-13). What is n(l)?
-7
Let o = 1 - -4. Let v(y) = 2*y + 3*y**2 + 3*y - y**3 + y + 0*y**2 - o. Let l = 3 + 1. What is v(l)?
3
Let u(o) = o**2 - 4*o + 3. Suppose 13 = 5*g - j - 0*j, -3*g - 3*j = -15. Determine u(g).
0
Let m(l) = -5*l - 3. Let y(b) = 3*b + 2. Let j(q) = -5*m(q) - 8*y(q). Let h be j(2). Let v(u) = 6*u. Determine v(h).
6
Let h(u) be the second derivative of u**5/60 - u**4/24 - u**3/3 + 7*u**2/2 + 6*u. Let q(b) be the first derivative of h(b). What is q(2)?
0
Let v = -12 - -14. Suppose y + v + 0 = 0. Let f(n) = 3*n - 1. What is f(y)?
-7
Let x(c) = 6*c + 9. Let m(f) = -f - 1. Let b(r) = 5*m(r) + x(r). Give b(0).
4
Let r(h) = -2*h**2 - 5*h + 1. Let j be (-24)/18 + (-2)/3. Let c(a) = -2*a**2 - 6*a. Let g(u) = j*c(u) + 3*r(u). Give g(-3).
-6
Suppose -7*g + 61 = 12. Let t(j) = j + 6. Determine t(g).
13
Let i(u) = u**2 - 8*u - 6. Let b be i(9). Let g = b + 1. Let z(t) = t**2 - 5*t + 1. Give z(g).
-3
Let d(o) be the first derivative of -2*o**4 - o**3/3 - 16*o**2 + 7*o + 4. Let y(l) = 3*l**3 + 11*l - 2. Let s(r) = -4*d(r) - 11*y(r). Calculate s(5).
4
Let k(t) = 4*t**2 + 29*t + 24. Let a(u) = -u**2 - 7*u - 6. Let v = 3 + 6. Let i(s) = v*a(s) + 2*k(s). Determine i(-5).
-6
Let c(r) = -r**3 + 12*r**2 - 2. Let h be c(12). Let d be (5/4)/(h/(-8)). Let a(y) = y**3 - 5*y**2 + 2. What is a(d)?
2
Let g(c) = -3*c - 2*c - 1 + 2*c + c**2. Suppose -38 = -9*j - 2. Give g(j).
3
Let v(d) = d**2 + 2*d. Let x = -25 - -22. Determine v(x).
3
Let k be 6*4*(-2)/(-12). Let b(j) = k*j - 2*j - 3*j + 7. Suppose 3*l = -4*f + 6, 2*f + 10 = 4*f + 5*l. What is b(f)?
7
Let u(r) = -r**3 - 3*r**2 + 2*r + 4. Let q be u(-3). Let y(c) be the first derivative of -c**4/4 + c**3/3 - c**2/2 - 2*c - 1. Give y(q).
12
Let p(g) = 4*g. Let n be p(2). Suppose -k - n = -3. Let v(w) = w - 2. Determine v(k).
-7
Let g(l) be the second derivative of -l**4/12 + 7*l**3/6 - 2*l. Let n be ((-40)/(-12))/(2/3). Determine g(n).
10
Let z(o) = -6*o**2 + 1. Let s(y) = -y - 4. Let u be s(-3). Let d be z(u). Let r = d - 